2*k**2 - 13*k - 27. Give d(8).
-3
Let d(o) = 2*o**2 + 8*o + 9. Give d(-5).
19
Let i(s) = -s**2 + 25. What is i(7)?
-24
Let v(u) = u**3 - u + 16. Calculate v(0).
16
Let u(t) = t**3 + 13*t**2 - 3*t - 32. Give u(-13).
7
Let a(q) = -5*q - 38. Determine a(-4).
-18
Let v(h) = h**3 - 12*h**2 - 2*h + 28. What is v(12)?
4
Let d(c) = c**3 - 10*c**2 + 10*c - 14. Give d(9).
-5
Let y(i) = i**2 - 10*i + 26. Give y(6).
2
Let b(r) = -r - 10. What is b(-6)?
-4
Let i(f) = 4*f**2 - 14*f + 18. Give i(4).
26
Let l(s) = -s**3 - 8*s**2 - s + 9. Determine l(-8).
17
Let h(z) = 4*z**2 - 1. Give h(1).
3
Let u(q) = 10*q + 4. Calculate u(-2).
-16
Let o(x) = 11*x**2 + 55*x - 7. Calculate o(-5).
-7
Let s(w) = 2*w + 32. Calculate s(-17).
-2
Let q(d) = -27*d + 23. Give q(2).
-31
Let c(v) = -v**3 + 19*v**2 - 18*v - 10. Determine c(18).
-10
Let u(v) = -v**2 - 9*v. Calculate u(-9).
0
Let b(j) = j**3 + 2*j**2 - 2*j + 1. Calculate b(-3).
-2
Let g(f) = -f**2 + 21*f - 109. Determine g(12).
-1
Let a(t) = -t**2 + 14*t + 2. Calculate a(14).
2
Let r(c) = 5*c**3 + 7*c**2 - 5*c - 2. Calculate r(1).
5
Let w(l) = l**2 + 8*l - 5. Give w(-9).
4
Let j(c) = -c**3 - 26*c**2 - c - 28. Give j(-26).
-2
Let p(r) = -r**2 + 16. Give p(0).
16
Let v(x) = x**2 + x + 9. Give v(-4).
21
Let x(c) = -4*c + 1. Give x(1).
-3
Let o(z) = -6*z + 27. What is o(4)?
3
Let n(z) = -z - 11. What is n(-10)?
-1
Let i(r) = -r**3 + 6*r**2 + 8*r - 66. Determine i(5).
-1
Let h(o) = -o**2 + 8*o - 6. Calculate h(7).
1
Let i(h) = h**3 - 5*h**2 - 7*h - 51. What is i(7)?
-2
Let f(c) = -2*c**2 + 68*c - 110. What is f(32)?
18
Let y(f) = 2*f**3 + 4*f**2 + 17*f - 1. What is y(-2)?
-35
Let u(o) = -o**3 + 2*o**2 + 26*o - 71. Calculate u(3).
-2
Let a(s) = -s**3 - 5*s**2 - s + 3. Give a(-4).
-9
Let d(o) = o - 29. Determine d(8).
-21
Let o(m) = -7*m + 157. Calculate o(22).
3
Let m(p) = p**3 - 6*p - 10. Determine m(-2).
-6
Let m(g) = -19*g + 169. What is m(9)?
-2
Let d(h) = h**2 - 2*h - 54. Give d(7).
-19
Let r(x) = -x - 30. Determine r(6).
-36
Let v(n) = -n**3 - 20*n**2 + 2*n + 36. Calculate v(-20).
-4
Let d(w) = -2*w**2 - 31*w - 15. Calculate d(-13).
50
Let z(t) = -5*t - 23. What is z(-5)?
2
Let q(b) = b**2 + 3*b - 344. Calculate q(-20).
-4
Let z(u) = u**2 + 2*u + 4. Determine z(-2).
4
Let h(b) = -b**3 + 5*b**2 + 2. Calculate h(4).
18
Let z(d) = d**3 - 6*d**2 + 6*d - 3. What is z(4)?
-11
Let f(d) = 8*d**3 + d**2 - 2. Determine f(-1).
-9
Let h(s) = -65*s + 257. Determine h(4).
-3
Let f(l) = -4*l + 14. What is f(6)?
-10
Let a(z) = 3*z - 2. What is a(-2)?
-8
Let z(q) = -q**3 + 12*q**2 - 25*q + 42. Determine z(10).
-8
Let u(o) = -o**2 + 14*o + 7. Give u(16).
-25
Let w(k) = 2*k - 23. What is w(10)?
-3
Let u(b) = 2*b**2 - 11*b + 3. Give u(5).
-2
Let o(i) = -i**2 + 6*i + 8. Calculate o(6).
8
Let m(z) = 3*z + 11. Calculate m(-7).
-10
Let q(i) = -i**2 - 14*i - 1. What is q(-14)?
-1
Let o(t) = t**3 + 9*t**2 - 13. What is o(-9)?
-13
Let r(y) = -y + 30. What is r(24)?
6
Let p(a) = 20*a + 149. What is p(-7)?
9
Let v(o) = 20*o - 1. Calculate v(2).
39
Let y(s) = 146*s + 730. Determine y(-5).
0
Let u(q) = -q**3 + 7*q**2 + 6*q + 10. What is u(8)?
-6
Let r(w) = 20*w + 116. Calculate r(-6).
-4
Let d(l) = l**3 + 11*l**2 + 20*l + 18. What is d(-9)?
0
Let l(h) = 7*h**2 + 41*h - 9. Determine l(-6).
-3
Let n(i) = 4*i + 10. Calculate n(-6).
-14
Let c(y) = -y**3 - 11*y**2 + 25*y - 16. What is c(-13)?
-3
Let k(n) = n**2 + 17*n + 35. What is k(-15)?
5
Let p(u) = u + 15. Calculate p(-8).
7
Let a(k) = 4*k + 17. Determine a(-8).
-15
Let q(k) = k**3 + 6*k**2 - 4*k + 11. Calculate q(-7).
-10
Let q(f) = 4*f - 33. Calculate q(9).
3
Let j(w) = w**3 - 7*w**2 + 5*w - 6. Determine j(7).
29
Let u(t) = -49*t - 116. Determine u(-2).
-18
Let s(l) = -14*l + 133. What is s(11)?
-21
Let k(g) = g**2 - 2*g + 2. What is k(4)?
10
Let g(o) = 51*o + 555. What is g(-11)?
-6
Let t(u) = -7*u + 183. What is t(22)?
29
Let j(y) = y**2 + 11*y - 103. What is j(-19)?
49
Let b(u) = -14*u**3 - u**2 - 3*u + 3. Determine b(1).
-15
Let t(r) = -r + 18. Determine t(9).
9
Let c(h) = 2*h**2 - 18*h + 10. What is c(9)?
10
Let v(a) = -3*a. Calculate v(-8).
24
Let y(j) = j**2 - 5*j + 2. What is y(6)?
8
Let k(g) = -g**3 + 21*g**2 - 21*g + 5. Determine k(20).
-15
Let p(l) = -5*l - 9. Calculate p(5).
-34
Let k(a) = 8*a**2 + 46*a - 7. Calculate k(-6).
5
Let j(v) = 8*v - 5. Calculate j(-4).
-37
Let g(f) = -2*f**2 + 3*f - 6. What is g(4)?
-26
Let h(i) = -26*i**2 + 2*i - 4. What is h(2)?
-104
Let z(g) = -g**2 - 5*g - 11. Give z(-8).
-35
Let i(m) = -3*m**2 - 3*m - 1. Give i(3).
-37
Let z(j) = 4*j - 1. What is z(-5)?
-21
Let k(t) = t**3 + 6*t**2 - 9*t - 1. What is k(-7)?
13
Let m(g) = 74*g + 590. Give m(-8).
-2
Let d(h) = h**3 - 22*h**2 + 21*h + 19. Give d(21).
19
Let b(k) = -k**3 + 6*k**2 + k. Determine b(6).
6
Let x(b) = -b**3 - 9*b**2 - 13*b + 16. Calculate x(-7).
9
Let a(s) = -5*s**3 + 2*s + 6. Give a(-2).
42
Let l(a) = a + 3. Give l(-11).
-8
Let j(o) = -31*o. Calculate j(2).
-62
Let w(x) = -2*x**3 - 4*x**2 - 3*x - 10. Determine w(-4).
66
Let f(j) = j**2 + 17*j + 7. Give f(-14).
-35
Let j(o) = -2*o**3 + 4*o**2 + o - 2. Give j(1).
1
Let i(y) = y + 12. What is i(-11)?
1
Let o(n) = n**2 - 5*n + 8. Give o(7).
22
Let j(t) = -3*t**3 - 33*t**2 - 8. Give j(-11).
-8
Let o(p) = 2*p**2 + 7*p - 27. What is o(-8)?
45
Let f(x) = -9*x. Determine f(-1).
9
Let w(s) = 3*s - 9. What is w(7)?
12
Let v(j) = 5*j - 2. Calculate v(5).
23
Let j(h) = h**2 + 9*h - 3. Calculate j(5).
67
Let n(b) = -8*b - 20. Give n(6).
-68
Let h(d) = -d**3 - 5*d**2 + d - 2. Calculate h(-3).
-23
Let z(v) = -v**3 - 7*v**2 + 6*v - 17. Calculate z(-8).
-1
Let c(o) = o**2 + 2*o + 1. Calculate c(-3).
4
Let t(l) = -19*l - 29. Determine t(-3).
28
Let h(g) = g**2 + 13*g - 73. Calculate h(-17).
-5
Let t(a) = -a**2 - 14*a + 22. What is t(-13)?
35
Let q(h) = -h**2 + 43*h - 198. Determine q(38).
-8
Let s(o) = o**2 + 11*o + 79. Give s(-11).
79
Let z(w) = -w**3 + 2*w**2 + 3*w + 2. Determine z(-2).
12
Let d(t) = -t**2 + 4*t - 5. What is d(-5)?
-50
Let f(j) = -8*j. Determine f(-1).
8
Let r(j) = j**2 - 15*j + 53. Determine r(10).
3
Let f(n) = -2*n**2 + 20*n - 4. Calculate f(3).
38
Let u(z) = -z**3 - 17*z**2 - 8. Give u(-17).
-8
Let o(b) = 49*b - 494. Calculate o(10).
-4
Let l(p) = 21*p**3 + 3*p**2 - 3*p. Give l(1).
21
Let p(j) = 2*j**3 + 37*j**2 + 25*j + 132. Calculate p(-18).
6
Let y(i) = 2*i**3 - 2*i**2 - 3*i + 3. Give y(4).
87
Let z(h) = h**3 + 20*h**2 + 2*h + 19. What is z(-20)?
-21
Let b(y) = -y**2 - 6. Calculate b(-5).
-31
Let z(r) = r**3 - 7*r**2 - 5*r + 3. Determine z(8).
27
Let k(t) = -t**3 + 5*t**2 - 5*t - 4. Calculate k(3).
-1
Let p(l) = l**3 - 8*l**2 - 15*l + 3. Calculate p(10).
53
Let l(u) = -u**3 - 3*u**2 + 9*u + 8. Give l(-3).
-19
Let z(l) = -l**2 - 15*l + 2. Calculate z(-15).
2
Let g(s) = -s**3 + 8*s**2 + s - 7. Give g(8).
1
Let s(l) = -l**2 - 17*l - 12. Calculate s(-12).
48
Let f(g) = -2*g**3 - 69*g**2 - 37*g - 100. What is f(-34)?
2
Let w(x) = 3*x**3 - 2*x**2 + 13. Calculate w(3).
76
Let m(x) = 2*x + 25. What is m(-17)?
-9
Let c(u) = 5*u + 171. Give c(-33).
6
Let m(y) = 70*y**2 + 2*y - 1. What is m(1)?
71
Let n(k) = -k**2 + 16*k + 47. Give n(15).
62
Let h(a) = -3*a**2 - 18*a - 7. Give h(-5).
8
Let y(g) = -g**3 + 5*g**2 - 2*g + 5. What is y(5)?
-5
Let s(l) = -l - 1. Determine s(-3).
2
Let t(n) = -2*n + 8. Determine t(6).
-4
Let g(o) = -11*o + 385. Give g(35).
0
Let u(x) = 3*x**2 - 17*x - 13. Calculate u(6).
-7
Let h(k) = k**3 + 18*k**2 + 73*k - 27. Give h(-11).
17
Let r(h) = h**3 - 4*h**2 - 9*h + 18. What is r(5)?
-2
Let o(i) = 5*i - 23. Calculate o(4).
-3
Let z(i) = -i**3 - i**2 + 10*i + 5. Determine z(-4).
13
Let y(l) = -l**3 - 4*l**2 + 4*l - 3. What is y(-4)?
-19
Let y(o) = o**3 + 15*o**2 + 20*o + 27. Calculate y(-14).
-57
Let s(i) = -i**3 - 8*i**2 - 3*i + 5. Calculate s(-6).
-49
Let n(z) = -z**2 + 25*z + 599. Give n(40).
-1
Let m(f) = f**2 + 2*f - 7. What is m(-4)?
1
Let z(v) = -4*v + 77. Give z(18).
5
Let a(m) = 2*m - 3. Calculate a(6).
9
Let c(z) = -z**3 - 6*z**2 - z + 4. Give c(-4).
-24
Let l(y) = y**2 - 7*y - 4. Calculate l(9).
14
Let u(k) = 2*k + 40. Calculate u(-18).
4
Let a(r) = r**2 + 2*r + 6. Calculate a(-5).
21
Let q(p) = 200*p - 402. Give q(2).
-2
Let h(u) = u**3 + 11*u**2 + 24*u - 10. Calculate h(-8).
-10
Let l(j) = -3*j**2 + 55*j - 205. Wh